 prime factors of 5681324106.
2, 3, 739, 427103
What are the prime factors of 24810897?
3, 8270299
List the prime factors of 4004985137.
17, 89, 2647049
What are the prime factors of 500243225?
5, 281, 71209
List the prime factors of 1602435110.
2, 5, 19, 8433869
List the prime factors of 94799662.
2, 47399831
What are the prime factors of 24596998?
2, 433, 28403
List the prime factors of 137989847.
179, 761, 1013
List the prime factors of 356895091.
7, 50985013
List the prime factors of 33738711.
3, 11246237
What are the prime factors of 195257436?
2, 3, 11, 37, 39979
List the prime factors of 195941662.
2, 7, 13995833
What are the prime factors of 893420733?
3, 223, 1335457
List the prime factors of 400780713.
3, 133593571
What are the prime factors of 51427625?
5, 411421
What are the prime factors of 563117838?
2, 3, 93852973
List the prime factors of 2054129.
7, 11, 37, 103
What are the prime factors of 129333169?
7, 18476167
What are the prime factors of 83745356?
2, 37, 379, 1493
List the prime factors of 545523976.
2, 61, 1117877
List the prime factors of 353512399.
17, 20794847
What are the prime factors of 136912904?
2, 17114113
What are the prime factors of 108131753?
181, 283, 2111
List the prime factors of 42094415.
5, 11, 765353
List the prime factors of 3669502944.
2, 3, 151, 163, 1553
What are the prime factors of 8552980931?
11, 41, 18964481
List the prime factors of 262468563.
3, 7, 1559, 8017
List the prime factors of 558663987.
3, 7, 26603047
What are the prime factors of 460316303?
31, 191, 77743
What are the prime factors of 433162232?
2, 4517, 11987
List the prime factors of 315433328.
2, 7, 131, 21499
List the prime factors of 7514625670.
2, 5, 53, 3229, 4391
List the prime factors of 39597113.
61, 761, 853
What are the prime factors of 59472305?
5, 271, 43891
List the prime factors of 125700856.
2, 17, 151, 6121
List the prime factors of 138316682.
2, 7, 9879763
List the prime factors of 1188297765.
3, 5, 29, 179, 5087
List the prime factors of 4182804505.
5, 11, 83, 463, 1979
What are the prime factors of 36036378?
2, 3, 7, 113, 2531
List the prime factors of 4536117592.
2, 23, 29, 379, 2243
What are the prime factors of 253337704?
2, 31, 349, 2927
What are the prime factors of 992294586?
2, 3, 5531, 9967
What are the prime factors of 41424797?
2713, 15269
What are the prime factors of 391555341?
3, 97, 389, 1153
List the prime factors of 7468385.
5, 1493677
What are the prime factors of 1614309937?
79, 1759, 11617
What are the prime factors of 1095375708?
2, 3, 7, 4346729
What are the prime factors of 53572880?
2, 5, 669661
List the prime factors of 45617928.
2, 3, 29, 65543
List the prime factors of 1860239419.
1860239419
What are the prime factors of 1314477581?
32771, 40111
List the prime factors of 53300131.
23, 103, 149, 151
What are the prime factors of 93172408?
2, 7, 1663793
List the prime factors of 4446075105.
3, 5, 98801669
List the prime factors of 265076836.
2, 7237, 9157
What are the prime factors of 48228351?
3, 16076117
What are the prime factors of 40860384?
2, 3, 17, 25037
What are the prime factors of 3292876282?
2, 19, 23, 29, 129917
What are the prime factors of 2667644652?
2, 3, 127, 1750423
What are the prime factors of 3713066513?
13, 37, 7719473
What are the prime factors of 79672094?
2, 4021, 9907
List the prime factors of 435372913.
435372913
What are the prime factors of 1220232857?
41, 725897
List the prime factors of 83531851.
13, 6425527
What are the prime factors of 1090395166?
2, 7, 59, 1320091
List the prime factors of 43032992.
2, 1344781
List the prime factors of 110641356.
2, 3, 7, 31, 4721
List the prime factors of 34999276.
2, 13, 673063
What are the prime factors of 4434440623?
53, 83668691
What are the prime factors of 2987165?
5, 597433
What are the prime factors of 16347346?
2, 8173673
List the prime factors of 19846353.
3, 29, 149, 1531
What are the prime factors of 245049413?
7, 35007059
What are the prime factors of 808177984?
2, 509, 24809
List the prime factors of 3411555189.
3, 7, 17, 947, 10091
List the prime factors of 26990053.
26990053
List the prime factors of 713742571.
3209, 222419
What are the prime factors of 798180676?
2, 199545169
What are the prime factors of 1667193975?
3, 5, 59, 41863
List the prime factors of 62762033.
197, 318589
What are the prime factors of 120484556?
2, 523, 57593
What are the prime factors of 5971554041?
21211, 281531
List the prime factors of 113241100.
2, 5, 7, 161773
What are the prime factors of 1459211355?
3, 5, 7, 171571
List the prime factors of 2934602157.
3, 3659, 267341
List the prime factors of 2937853704.
2, 3, 122410571
List the prime factors of 151759091.
11, 13796281
List the prime factors of 1057947854.
2, 19, 71, 191, 2053
What are the prime factors of 26258536?
2, 109, 30113
List the prime factors of 435015659.
13, 19, 103, 17099
List the prime factors of 34321669.
1151, 29819
What are the prime factors of 191910037?
11, 17446367
List the prime factors of 4697498231.
19, 31, 89, 89611
List the prime factors of 186998461.
13, 157, 91621
What are the prime factors of 405852883?
17, 29, 823231
List the prime factors of 1113307395.
3, 5, 74220493
What are the prime factors of 2958651873?
3, 31, 3534829
List the prime factors of 2277132790.
2, 5, 227713279
List the prime factors of 3487370.
2, 5, 61, 5717
What are the prime factors of 345447186?
2, 3, 7, 8224933
List the prime factors of 2158002488.
2, 269750311
What are the prime factors of 16156406?
2, 7, 1154029
List the prime factors of 94041286.
2, 47020643
What are the prime factors of 11777798?
2, 5888899
What are the prime factors of 2877446921?
61, 47171261
What are the prime factors of 610330944?
2, 3, 23, 138209
What are the prime factors of 29438484?
2, 3, 2453207
List the prime factors of 4114949532.
2, 3, 89, 3852949
List the prime factors of 4309423086.
2, 3, 17299, 41519
What are the prime factors of 1114418?
2, 17, 73, 449
List the prime factors of 3643336332.
2, 3, 7841, 12907
List the prime factors of 908243935.
5, 59, 449, 6857
What are the prime factors of 29515472?
2, 7, 31, 8501
List the prime factors of 6329031087.
3, 36761, 57389
What are the prime factors of 460807461?
3, 23, 9161
What are the prime factors of 69361808?
2, 839, 5167
What are the prime factors of 166391519?
7, 197, 120661
List the prime factors of 280375651.
280375651
List the prime factors of 250177465.
5, 19, 2633447
What are the prime factors of 70131853?
11, 23, 41, 6761
List the prime factors of 79410559.
23, 229, 15077
List the prime factors of 1472100360.
2, 3, 5, 12267503
List the prime factors of 10091964.
2, 3, 19, 44263
List the prime factors of 363652647.
3, 19, 6379871
List the prime factors of 6506331244.
2, 7, 232368973
List the prime factors of 164959002.
2, 3, 13, 47, 53, 283
List the prime factors of 52796795.
5, 181, 227, 257
What are the prime factors of 15594323?
197, 79159
What are the prime factors of 532498638?
2, 3, 7, 29, 437191
List the prime factors of 3405896895.
3, 5, 1459, 155627
List the prime factors of 177745257.
3, 19749473
List the prime factors of 53886338.
2, 11, 1021, 2399
List the prime factors of 15076224.
2, 3, 23, 569
List the prime factors of 774305133.
3, 7, 29, 179, 7103
What are the prime factors of 281979806?
2, 140989903
List the prime factors of 44721744.
2, 3, 19, 49037
List the prime factors of 202033497.
3, 191, 352589
List the prime factors of 8104429.
41, 89, 2221
List the prime factors of 212166394.
2, 11, 9643927
List the prime factors of 378740290.
2, 5, 29, 1306001
What are the prime factors of 49478658?
2, 3, 23, 358541
What are the prime factors of 4389771214?
2, 23, 103, 926503
List the prime factors of 242369297.
197, 1230301
What are the prime factors of 365437623?
3, 121812541
List the prime factors of 246811482.
2, 3, 19, 23, 10459
List the prime factors of 3773815274.
2, 47, 701, 57271
List the prime factors of 639754048.
2, 9996157
What are the prime factors of 1430904181?
7, 197, 449, 2311
List the prime factors of 1506835767.
3, 37, 13575097
What are the prime factors of 1255598111?
1327, 946193
List the prime factors of 5377137390.
2, 3, 5, 1061, 56311
What are the prime factors of 6113554?
2, 19, 160883
